0*d + 19800 = 0. What are the prime factors of d?
2, 3, 5
Suppose 8 + 7 = 3*g + 3*r, 2*r = -5*g + 16. Let c(y) = 12*y**g - 16 - 11*y**2 + 3*y + 0*y + y. What are the prime factors of c(12)?
2, 11
Let c(f) = 203*f**3 - 8*f**2 + 26*f - 2. What are the prime factors of c(3)?
5, 1097
Let q = 10496 + 9082. What are the prime factors of q?
2, 3, 13, 251
Let k(c) = -5 + 11 + 6 - 2*c**2 - 303*c**3 - 9*c + 302*c**3. List the prime factors of k(-6).
2, 3, 5, 7
Let n(h) = -h**3 - 2*h**2 - 2*h - 13. Let x be n(-3). What are the prime factors of x/9 + (-25360)/(-90)?
2, 3, 47
Suppose 4*f = -b + 3*b - 14, 13 = b - 5*f. Suppose 2*c - 2006 = -u, 756 = 5*c - b*u - 4237. What are the prime factors of c?
7, 11, 13
Let j = 9465 - 1207. List the prime factors of j.
2, 4129
Let m(s) = 2*s**3 - 5*s**2 - 4*s + 4. Let n be m(4). Suppose -4*l + n = -l. Suppose 0 = l*v - 18*v + 402. What are the prime factors of v?
67
Let n(r) = 357 - 48 + 0*r + 5*r + 9*r. List the prime factors of n(-18).
3, 19
Suppose -46*c + 223508 + 73234 = -62288. List the prime factors of c.
5, 7, 223
Let w(i) = 4*i**2 + 4*i - 2. Let d be w(-2). Let k(s) = 15*s**2 + 6*s - 10. List the prime factors of k(d).
2, 283
Let v = -42 - -44. Suppose v*k = 37 - 129. Let w = 77 - k. List the prime factors of w.
3, 41
What are the prime factors of (-139424)/(-6) + 388/582?
2, 3, 1291
Let n = 508 + 474. Let u = n + 390. List the prime factors of u.
2, 7
Let b(x) = -132*x - 27. What are the prime factors of b(-30)?
3, 19, 23
List the prime factors of 1/(-3) - 2155*6275/(-375).
2, 3, 5, 601
Let k(j) be the second derivative of -41*j**3/3 - 24*j**2 - 155*j. List the prime factors of k(-3).
2, 3, 11
Let k = 5171 - 901. Suppose -3*u + d + k = 2*u, 4*u = 5*d + 3395. What are the prime factors of ((-5)/(-15))/(3/u)?
5, 19
Suppose 513721 = 26*q - 826333 - 3704. What are the prime factors of q?
51683
Suppose 0 = -19*i - 15*i + 603704. What are the prime factors of i?
2, 23, 193
Let f(c) = 2*c**2 + 21*c + 24. Let b be f(-8). What are the prime factors of (-4390)/b + (-18)/48?
2, 137
Let s(v) = -11*v - 17. Let t be s(-2). Suppose -5*z + 5595 = 5*y, -t*z = -0*y - 4*y - 5550. What are the prime factors of z?
2, 557
Let n = -23739 - -63851. What are the prime factors of n?
2, 23, 109
Let d be 5/((-15)/(-36) + 0). List the prime factors of d/(-4) + (333 - -2).
2, 83
Let t(y) = -78*y - 28. List the prime factors of t(-10).
2, 47
Suppose 21*o - 3331 = 3515. Let x = 2009 - o. List the prime factors of x.
3, 11, 17
Let p = -26289 + 37537. What are the prime factors of p?
2, 19, 37
Let a = 23289 - 2168. What are the prime factors of a?
21121
Let v(x) be the third derivative of -x**4/24 + x**3/6 + 21*x**2. Let s(g) = -7*g + 128. Let p(r) = s(r) - 5*v(r). What are the prime factors of p(0)?
3, 41
Let d(g) = -18*g - 17. Let z be d(4). Let m = 228 + z. Suppose -1193 = -12*c + m. What are the prime factors of c?
3, 37
Suppose 2*c = 3*s + 2536, -4*s - 2526 = -2*c - 6*s. What are the prime factors of c?
5, 11, 23
Let q(d) = 65*d**2 - 136*d - 3193. What are the prime factors of q(-20)?
3, 67, 127
What are the prime factors of ((-9)/(-18)*52)/(22/13431)?
3, 11, 13, 37
Let d(u) = u**3 + 99*u**2 - 131*u + 733. List the prime factors of d(-93).
2, 5, 6481
Suppose -5*x - 19 = 2*u, -2*u = 5*x - 4*x + 7. List the prime factors of (-8 - 5716/8)*u.
5, 17
Let a be 246 - (3 + (-25)/10)*-8. Let d = -122 + a. List the prime factors of d.
2
Suppose 0*x + 15 = -5*x, 2*l - 18 = -2*x. Let g be 1514/6 - 4/l. Suppose 11*z = 7*z + g. List the prime factors of z.
3, 7
Let h(k) = -3*k + 489. List the prime factors of h(15).
2, 3, 37
Let y(v) = 7*v**2 + 12*v. Let r be y(-4). What are the prime factors of ((-48)/r)/(2*3/(-3096))?
3, 43
Let t = 40 - 33. Suppose t*s = s. Suppose s = 8*b - 148 - 36. What are the prime factors of b?
23
Suppose -5*q + 2*y - 27456 = -139169, 0 = -q - 4*y + 22369. List the prime factors of q.
5, 41, 109
Suppose -66*c + 82*c = 64. Suppose -247 = -c*v - 5*d, -327 = -5*v + 5*d - 7. List the prime factors of v.
3, 7
Let t(q) = -q**2 + 9*q + 2. Let s be t(9). Let b(j) = -7*j**2 + 0*j**3 + 12*j - 13 + j**2 - 12*j**2 - s*j**3. What are the prime factors of b(-10)?
67
Suppose 11230 = 64*y - 63*y - 3*q, -4*y - 5*q + 44886 = 0. List the prime factors of y.
2, 23, 61
Let m(f) = 3*f + 13. Let t be m(-3). Let y be ((-6)/7)/(3/(t - 46)). Let r = 108 + y. What are the prime factors of r?
2, 3, 5
Let i(c) = 2*c**2 + 38*c + 40. Let r be i(-18). Suppose 0 = 2*v - n - 336, r*v - n - 769 = -93. Suppose 0 = -j + v + 108. What are the prime factors of j?
2, 139
Suppose -5*k + 1071 = 3*x, 0*k - 3*x - 225 = -k. Let q be (-2)/(-9) + 384/k. Suppose n + 70 + 198 = c, -q*n = 3*c - 804. What are the prime factors of c?
2, 67
Suppose -41 = -6*p - 29. Suppose p*b - 3308 = -5*t + 1479, -2*b + 2 = 0. What are the prime factors of t?
3, 11, 29
Suppose -20*x = -37*x + 14263. Let u = x + 492. List the prime factors of u.
11
Suppose -3*f + 3 + 6 = 0. Let g(r) = -2*r - 62. Let q be g(-34). Suppose f*m + 366 = q*m. What are the prime factors of m?
2, 61
Let t be (278 - 4) + (14 + -4)/2. List the prime factors of t - (4 + (-20)/4).
2, 5, 7
Let c(u) be the second derivative of -5*u**3/3 - 15*u**2/2 - 11*u - 1. List the prime factors of c(-10).
5, 17
Let o(h) = -9*h - 13. Let n be o(-2). Suppose 0 = n*b + 2*r - 12, -b - r + 5 = b. Suppose -b*g + 58 - 14 = 0. What are the prime factors of g?
2, 11
Let t(b) = -3*b - 35. Let f be t(-15). Suppose f*a = a + 4302. List the prime factors of a.
2, 239
Let o(z) = 2*z - 24. Let v be o(14). What are the prime factors of v/(-3)*(-7062)/44?
2, 107
Let b = 59 - 28. Let q(p) = -b*p + 7*p + 3 - 6 - p**2. What are the prime factors of q(-18)?
3, 5, 7
Let s = -39740 - -63384. List the prime factors of s.
2, 23, 257
What are the prime factors of ((-48)/(-44) + (-39408)/792)*1*-597?
2, 73, 199
Suppose 3*i - 325 = -2*p, 4*p + 2*i = 5*i + 695. Suppose 4*z - 2*z = -l + p, 2*z - 3*l = 186. What are the prime factors of z/(-12)*(-8)/(-1 - -3)?
29
Let i be 5*(48/30 - 1). Suppose 1160 = h + i*h + 4*q, 2*h + 4*q = 578. List the prime factors of h.
3, 97
Let l(n) = -30*n**3 + 6*n**2 - 67*n + 122. List the prime factors of l(-12).
2, 5, 31, 173
Suppose 0 = v + 2*k - 7384, 3*k + 59161 - 22176 = 5*v. What are the prime factors of v?
2, 3697
Let t(w) = -3*w**2 + 3*w**3 + 44 - 78 + w**2 - 6*w + w + 3*w**2. What are the prime factors of t(6)?
2, 5, 31
Suppose 0 = 3*o + 5*n - 4937, 41*o - 8221 = 36*o - n. What are the prime factors of o?
2, 3, 137
Let v = -95 + 116. Suppose 15 = -3*l + v. List the prime factors of l.
2
Let u = 52 + -62. Let l be 8/u + 432/15. Suppose l*r - 60 = 25*r. What are the prime factors of r?
2, 5
Let k(i) = -3 + 2*i**3 + i**3 - 2*i**3 - 3*i**2 - 2*i**3 + 15*i. List the prime factors of k(-7).
2, 11
Suppose 2*j - 3*j - 5*k - 76 = 0, -4*j + 3*k - 258 = 0. List the prime factors of 99/j*50/(-1).
3, 5
Let j = 93 - 84. Let f = 173 - j. Suppose 95 + f = 7*n. List the prime factors of n.
37
Suppose -16*q + 459 = -1077. Let u = 424 + q. What are the prime factors of u?
2, 5, 13
Let i = -69 - -61. Let k be (58/i - -7) + (-26)/(-8). Suppose 0 = -4*s - w + 686, k*s - 3*w + w = 509. What are the prime factors of s?
3, 19
Let p(x) = 9*x**3 + 6*x**2 - 8*x + 2. Let c be p(2). Let l = 437 - c. What are the prime factors of l?
5, 71
Suppose 0 = 7*j - 14. Suppose -3*v - 512 + 193 = b, j*v - b = -211. Let d = 190 + v. What are the prime factors of d?
2, 3, 7
Suppose 5*h + 48 = -7*h. List the prime factors of -7*894/42*h.
2, 149
List the prime factors of (-5 + (-540)/8)*-94.
5, 29, 47
Let z(o) = -3*o - 14. Suppose 0 = -3*g + 2 - 17. Let s be z(g). List the prime factors of 2/1*19*s.
2, 19
List the prime factors of -2 + -12 + 2 - -5446.
2, 11, 13, 19
Let m(d) = d**2 + 136*d + 201. List the prime factors of m(83).
2, 3, 1021
Let b(p) = 2*p**2 + 66*p - 219. Let v be b(-36). Let x be (-4)/14 + 38/(-14). What are the prime factors of -1 + x - v - -108?
107
Let l(s) = 101*s + 97. Let h be (1 - 2) + (12/2 - 1). List the prime factors of l(h).
3, 167
Suppose -2*m = 4*o + 814, 8*m + 794 = -4*o + 10*m. Let y = o + 454. List the prime factors of y.
11, 23
What are the prime factors of (-19 - 0)/(20 - 562/28)?
2, 7, 19
List the prime factors of -14 + 105950/((-65